020?
12
What is the greatest common factor of 474082 and 28?
14
Calculate the highest common divisor of 2392 and 8232.
8
What is the highest common factor of 860 and 219515?
215
What is the highest common factor of 2085 and 6105?
15
What is the greatest common factor of 95 and 3290?
5
What is the greatest common factor of 1030 and 4?
2
Calculate the greatest common factor of 245606 and 148.
74
Calculate the highest common factor of 19950 and 735.
105
What is the highest common divisor of 148 and 18931124?
148
Calculate the highest common divisor of 110 and 2490.
10
Calculate the greatest common factor of 2757 and 21.
3
Calculate the greatest common factor of 30 and 18435.
15
What is the greatest common factor of 24514 and 38110?
206
Calculate the greatest common factor of 29993 and 445.
89
What is the highest common factor of 60 and 51792?
12
Calculate the highest common factor of 2595550 and 6900.
1150
Calculate the greatest common factor of 70 and 4567.
1
What is the highest common divisor of 47800 and 1960?
40
Calculate the greatest common divisor of 16416 and 19.
19
What is the greatest common factor of 81536 and 39?
13
What is the highest common divisor of 349600 and 19?
19
What is the highest common divisor of 50556 and 12?
12
Calculate the highest common factor of 235 and 553801.
47
What is the greatest common divisor of 10624 and 1152?
128
Calculate the greatest common factor of 30537 and 538704.
783
What is the greatest common divisor of 194 and 62953?
97
What is the greatest common divisor of 951 and 12318303?
951
What is the greatest common factor of 204 and 171564?
204
Calculate the greatest common factor of 3270 and 200560.
1090
Calculate the greatest common factor of 239 and 1395521.
239
What is the greatest common factor of 2450 and 103880?
490
What is the greatest common divisor of 162 and 62586?
54
What is the greatest common factor of 70684 and 820?
164
What is the greatest common factor of 1554 and 406?
14
Calculate the greatest common factor of 9 and 577530.
9
What is the greatest common divisor of 540039 and 102?
51
Calculate the highest common factor of 1946 and 126.
14
What is the greatest common factor of 119190 and 4795?
685
What is the greatest common factor of 449217 and 426?
213
Calculate the greatest common divisor of 8610 and 120.
30
Calculate the highest common factor of 234500 and 35.
35
What is the greatest common factor of 294 and 857451?
147
Calculate the greatest common divisor of 17464 and 111.
37
What is the greatest common divisor of 60342 and 1130?
226
Calculate the greatest common divisor of 11373 and 39917.
223
What is the greatest common divisor of 6954 and 25986?
366
Calculate the greatest common factor of 370 and 9190.
10
What is the highest common factor of 30873 and 369?
123
What is the highest common divisor of 5533 and 1727?
11
What is the highest common factor of 58513 and 91?
91
Calculate the highest common factor of 17834 and 296.
74
Calculate the greatest common divisor of 174 and 10444002.
174
What is the greatest common factor of 5665 and 17716?
103
What is the greatest common factor of 74516 and 260?
52
Calculate the highest common divisor of 873530 and 560.
70
Calculate the greatest common factor of 33945 and 960.
15
Calculate the highest common factor of 794 and 159197.
397
What is the highest common factor of 1528176 and 528?
48
What is the highest common factor of 2639 and 37613?
29
Calculate the greatest common factor of 21280 and 4900.
140
What is the highest common factor of 444 and 661116?
444
Calculate the highest common factor of 2101 and 24893.
11
Calculate the highest common divisor of 376164 and 1376.
172
Calculate the highest common factor of 30303 and 468.
117
What is the greatest common factor of 40764 and 1032?
516
Calculate the greatest common divisor of 4 and 76888.
4
What is the greatest common factor of 99962 and 1510?
302
What is the highest common divisor of 8400 and 19075?
175
Calculate the highest common divisor of 24 and 15828.
12
What is the highest common factor of 389036 and 4?
4
Calculate the highest common divisor of 376 and 1192.
8
Calculate the highest common factor of 4425 and 200.
25
Calculate the highest common divisor of 368 and 4602392.
184
What is the highest common divisor of 3096 and 1763?
43
What is the greatest common divisor of 1652705 and 215?
215
What is the highest common factor of 1544098 and 422?
422
Calculate the highest common factor of 28471 and 142.
71
What is the greatest common divisor of 14 and 76762?
14
Calculate the greatest common divisor of 12976 and 40.
8
Calculate the highest common divisor of 60787 and 445.
89
Calculate the greatest common factor of 532 and 6524.
28
What is the highest common factor of 6776 and 4536?
56
Calculate the highest common factor of 1170 and 845.
65
What is the greatest common factor of 121030 and 14?
14
Calculate the greatest common factor of 140235 and 45.
15
Calculate the greatest common factor of 73 and 8263673.
73
Calculate the highest common divisor of 7108427 and 1906.
953
What is the highest common divisor of 708 and 160362?
354
What is the greatest common divisor of 32 and 174304?
32
What is the highest common factor of 10231 and 9477?
13
What is the greatest common factor of 30120 and 960?
120
Calculate the greatest common factor of 20736 and 1134.
162
Calculate the highest common divisor of 90334 and 141.
47
What is the highest common divisor of 23300 and 600?
100
Calculate the greatest common factor of 531 and 26491.
59
Calculate the greatest common factor of 135250 and 250.
250
What is the highest common factor of 1130 and 1511940?
1130
What is the greatest common divisor of 210897 and 801?
9
What is the greatest common divisor of 663617 and 62?
31
Calculate the greatest common divisor of 2770 and 4934755.
1385
Calculate the highest common factor of 2682 and 738.
18
What is the greatest common factor of 37689 and 51?
51
Calculate the highest common divisor of 59681 and 288727.
1613
What is the highest common factor of 944197 and 136?
17
Calculate the highest common factor of 46592 and 546.
182
Calculate the greatest common divisor of 1308 and 55263.
327
Calculate the greatest common factor of 2829 and 15744.
123
Calculate the greatest common factor of 468 and 776178.
234
What is the greatest common factor of 21 and 24213?
21
What is the greatest common divisor of 136 and 189431?
17
Calculate the greatest common factor of 7624 and 94347.
953
Calculate the greatest common divisor of 25308 and 175104.
684
Calculate the greatest common divisor of 79881 and 120.
3
What is the greatest common divisor of 1270 and 22352?
254
What is the highest common factor of 1179 and 606792?
393
What is the greatest common factor of 33015 and 2272?
71
What is the greatest common factor of 45680 and 80?
80
Calculate the highest common divisor of 37167 and 78.
39
What is the highest common divisor of 584 and 818476?
292
Calculate the highest common divisor of 105 and 9840.
15
What is the highest common divisor of 112 and 11333?
7
Calculate the greatest common divisor of 3456 and 11096.
8
What is the highest common divisor of 377 and 1703?
13
Calculate the greatest common divisor of 106988 and 392.
28
What is the greatest common factor of 424 and 2173?
53
What is the highest common factor of 4121 and 481?
13
Calculate the greatest common divisor of 9459 and 81.
9
Calculate the greatest common factor of 19834 and 846.
94
What is the highest common divisor of 540 and 172584?
108
What is the greatest common factor of 8995 and 22855?
35
What is the greatest common factor of 112 and 175238?
14
What is the greatest common factor of 21197 and 1081?
47
What is the greatest common factor of 215 and 45?
5
Calculate the highest common divisor of 2755 and 950.
95
Calculate the greatest common divisor of 27688 and 16.
8
What is the greatest common divisor of 803165 and 1870?
935
What is the greatest common divisor of 65990 and 40?
10
What is the highest common divisor of 11222684 and 3608?
1804
Calculate the greatest common divisor of 4458 and 5082.
6
What is the highest common factor of 37380 and 42?
42
What is the highest common factor of 212350 and 548?
274
Calculate the greatest common divisor of 222224 and 1088.
272